{"id":911,"date":"2026-03-11T08:27:04","date_gmt":"2026-03-11T08:27:04","guid":{"rendered":"https:\/\/servidorlumen.com.br\/mvv_verde\/?page_id=911"},"modified":"2026-03-11T08:52:12","modified_gmt":"2026-03-11T08:52:12","slug":"oportunidades","status":"publish","type":"page","link":"https:\/\/servidorlumen.com.br\/mvv_verde\/oportunidades\/","title":{"rendered":"Oportunidades"},"content":{"rendered":"\t\t<div data-elementor-type=\"wp-page\" data-elementor-id=\"911\" class=\"elementor elementor-911\">\n\t\t\t\t<div class=\"elementor-element elementor-element-41d8fea e-flex e-con-boxed wpr-particle-no wpr-jarallax-no wpr-parallax-no wpr-sticky-section-no e-con e-parent\" data-id=\"41d8fea\" data-element_type=\"container\" data-e-type=\"container\">\n\t\t\t\t\t<div class=\"e-con-inner\">\n\t\t<div class=\"elementor-element elementor-element-3db7576 e-con-full e-flex wpr-particle-no wpr-jarallax-no wpr-parallax-no wpr-sticky-section-no e-con e-child\" data-id=\"3db7576\" data-element_type=\"container\" data-e-type=\"container\">\n\t\t\t\t<div class=\"elementor-element elementor-element-504bdcd elementor-widget elementor-widget-heading\" data-id=\"504bdcd\" data-element_type=\"widget\" data-e-type=\"widget\" data-widget_type=\"heading.default\">\n\t\t\t\t\t<h2 class=\"elementor-heading-title elementor-size-default\">OPORTUNIDADES \u2013 TERCEIRIZADAS<\/h2>\t\t\t\t<\/div>\n\t\t\t\t<div class=\"elementor-element elementor-element-f9b159b elementor-widget-divider--view-line elementor-widget elementor-widget-divider\" data-id=\"f9b159b\" data-element_type=\"widget\" data-e-type=\"widget\" data-widget_type=\"divider.default\">\n\t\t\t\t\t\t\t<div class=\"elementor-divider\">\n\t\t\t<span class=\"elementor-divider-separator\">\n\t\t\t\t\t\t<\/span>\n\t\t<\/div>\n\t\t\t\t\t\t<\/div>\n\t\t\t\t<div class=\"elementor-element elementor-element-c20f1da elementor-widget elementor-widget-text-editor\" data-id=\"c20f1da\" data-element_type=\"widget\" data-e-type=\"widget\" data-widget_type=\"text-editor.default\">\n\t\t\t\t\t\t\t\t\t<p>H\u00e1 diversas oportunidades batendo a porta na Mina Serrote, em Cra\u00edbas-AL. Este espa\u00e7o \u00e9 dedicado \u00e0s vagas divulgadas semanalmente pelas empresas terceirizadas da MVV, de responsabilidade exclusiva destas, que prestam servi\u00e7os para a mineradora. O processo seletivo, a contrata\u00e7\u00e3o e a rela\u00e7\u00e3o de trabalho ser\u00e3o conduzidos e geridos exclusivamente por essas empresas terceirizadas. O objetivo desta divulga\u00e7\u00e3o \u00e9 apoiar as empresas contratadas no preenchimento de suas vagas e informar melhor as comunidades locais sobre as oportunidades de emprego.\u00a0<span class=\"il\">Vale<\/span>\u00a0ressaltar que a MVV n\u00e3o participa, interfere ou realiza qualquer etapa dos processos seletivos conduzidos por elas. N\u00e3o perca tempo: candidate-se j\u00e1 a uma das vagas abertas!<\/p>\t\t\t\t\t\t\t\t<\/div>\n\t\t\t\t<div class=\"elementor-element elementor-element-41712b0 elementor-widget elementor-widget-button\" data-id=\"41712b0\" data-element_type=\"widget\" data-e-type=\"widget\" data-widget_type=\"button.default\">\n\t\t\t\t\t\t\t\t\t\t<a class=\"elementor-button elementor-button-link elementor-size-sm\" href=\"https:\/\/vale-verde.com\/wp-content\/uploads\/2025\/01\/01-23-25-MVV-Cartaz-Terceirizadas-Vagas-de-Emprego.pdf\">\n\t\t\t\t\t\t<span class=\"elementor-button-content-wrapper\">\n\t\t\t\t\t\t\t\t\t<span class=\"elementor-button-text\">Candidate-se<\/span>\n\t\t\t\t\t<\/span>\n\t\t\t\t\t<\/a>\n\t\t\t\t\t\t\t\t<\/div>\n\t\t\t\t<\/div>\n\t\t\t\t\t<\/div>\n\t\t\t\t<\/div>\n\t\t\t\t<\/div>\n\t\t","protected":false},"excerpt":{"rendered":"<p>OPORTUNIDADES \u2013 TERCEIRIZADAS H\u00e1 diversas oportunidades batendo a porta na Mina Serrote, em Cra\u00edbas-AL. Este espa\u00e7o \u00e9 dedicado \u00e0s vagas divulgadas semanalmente pelas empresas terceirizadas da MVV, de responsabilidade exclusiva destas, que prestam servi\u00e7os para a mineradora. O processo seletivo, a contrata\u00e7\u00e3o e a rela\u00e7\u00e3o de trabalho ser\u00e3o conduzidos e geridos exclusivamente por essas empresas terceirizadas. O objetivo desta divulga\u00e7\u00e3o \u00e9 apoiar as empresas contratadas no preenchimento de suas vagas e informar melhor as comunidades locais sobre as oportunidades de emprego.\u00a0Vale\u00a0ressaltar que a MVV n\u00e3o participa, interfere ou realiza qualquer etapa dos processos seletivos conduzidos por elas. N\u00e3o perca tempo: candidate-se j\u00e1 a uma das vagas abertas! Candidate-se<\/p>\n","protected":false},"author":1,"featured_media":0,"parent":0,"menu_order":0,"comment_status":"closed","ping_status":"closed","template":"","meta":{"footnotes":""},"class_list":["post-911","page","type-page","status-publish","hentry"],"_links":{"self":[{"href":"https:\/\/servidorlumen.com.br\/mvv_verde\/wp-json\/wp\/v2\/pages\/911","targetHints":{"allow":["GET"]}}],"collection":[{"href":"https:\/\/servidorlumen.com.br\/mvv_verde\/wp-json\/wp\/v2\/pages"}],"about":[{"href":"https:\/\/servidorlumen.com.br\/mvv_verde\/wp-json\/wp\/v2\/types\/page"}],"author":[{"embeddable":true,"href":"https:\/\/servidorlumen.com.br\/mvv_verde\/wp-json\/wp\/v2\/users\/1"}],"replies":[{"embeddable":true,"href":"https:\/\/servidorlumen.com.br\/mvv_verde\/wp-json\/wp\/v2\/comments?post=911"}],"version-history":[{"count":4,"href":"https:\/\/servidorlumen.com.br\/mvv_verde\/wp-json\/wp\/v2\/pages\/911\/revisions"}],"predecessor-version":[{"id":1146,"href":"https:\/\/servidorlumen.com.br\/mvv_verde\/wp-json\/wp\/v2\/pages\/911\/revisions\/1146"}],"wp:attachment":[{"href":"https:\/\/servidorlumen.com.br\/mvv_verde\/wp-json\/wp\/v2\/media?parent=911"}],"curies":[{"name":"wp","href":"https:\/\/api.w.org\/{rel}","templated":true}]}}